) = g + 64. Let p be w(-24). Let o = -37 + p. Suppose -4*s + 3*l = -653, 2*l - 491 = -o*s + 3*l. What is the hundreds digit of s?
1
What is the hundreds digit of (-7 + 16 - 6) + 13051?
0
Let y(q) = -5 - 1 - 1 + 3 - 16*q. Let b be y(1). What is the tens digit of (-22)/((b/(-16))/(-5)) + 1?
8
Let c = -43 - -88. Suppose 10*v - 105 = c. Suppose v = -5*x, 5*x + 19 = r + 1. What is the units digit of r?
3
Suppose -176 = 8*n + 96. What is the hundreds digit of (-43)/2*n + -4?
7
Let h(i) = 4*i**2 - 27*i - 9. Let p be h(7). What is the units digit of (234 - 13) + (-3)/(p + 3)?
8
Let l = 341 - 335. Let d(g) = 150*g + 66. What is the units digit of d(l)?
6
Let f = -11911 + 19013. What is the units digit of f?
2
Let i(c) = -c**3 - 7*c**2 + 16*c + 8. Let k be i(-10). Suppose -k = -10*l - 28. Suppose l*s - 1048 + 76 = 0. What is the units digit of s?
1
Let s(z) = 445*z - 612. What is the thousands digit of s(22)?
9
Let g = 35687 + -24457. What is the ten thousands digit of g?
1
Let v(y) = 12368*y + 996. What is the units digit of v(1)?
4
Let s be 2/(-30) + 3040/600. What is the units digit of (-9)/(-12) - s/((-80)/26212)?
9
Let v(c) = 5795*c**2 - 150*c + 450. What is the tens digit of v(3)?
5
Let c(j) = j**3 + 5*j**2 + 28*j - 13. Let u be c(11). Let q = u + -1485. What is the tens digit of q?
4
Let x = -478 + 837. Suppose 0 = 4*v - g - x, 0*g = 3*v + 4*g - 274. Let l = v - -2. What is the tens digit of l?
9
Suppose -c = -2*k - 13, -4*c - 39*k + 42*k + 32 = 0. Suppose -5*l - 426 = -2*i, i + c*l + 13 = 211. What is the hundreds digit of i?
2
Let q(w) = w + 3. Let p be q(-6). Let l be ((-3 - -3)/5)/p. Suppose l*y - 4*y = -388. What is the units digit of y?
7
Let d = -47 + 89. Suppose 3*n - 12 = 0, 39*m - d*m + 199 = -5*n. What is the tens digit of m?
7
Let a(r) be the second derivative of 17*r**3/2 + 837*r**2 + 28*r. What is the thousands digit of a(0)?
1
Let z = 658 - 680. Let o = -5294 + 1924. What is the tens digit of 4/z - (o/22 + -1)?
5
Let p = 21855 - 4640. What is the units digit of p?
5
Let d(m) = 300*m + 4466. What is the thousands digit of d(22)?
1
Suppose -8*c = 56*c - 128. Suppose -884 = -2*b - 0*b. Suppose -5*f - a + 92 = -b, -3*f + 319 = c*a. What is the units digit of f?
7
Let y = 375 + -213. Suppose 34 = 7*q - 1. Suppose 0 = s - q*s - 5*c + y, -c + 192 = 5*s. What is the units digit of s?
8
Suppose -4*u + 4*c = -8, 21*c = 3*u + 22*c - 6. Suppose -6*z + 2544 = -z + 2*o, -u*z = -2*o - 1012. What is the units digit of z?
8
What is the thousands digit of 2436/(-72) + 33 + 1/((-12)/(-424054))?
5
Suppose -5*z - 3*m = -50961 - 6498, -5*z - 5*m = -57445. What is the units digit of z?
6
Suppose 0 = 236*a - 17*a + 297*a - 22546104. What is the tens digit of a?
9
Let i be -14*(25/10 + -3). Suppose -i*x = -3*x - 24. Suppose x*b = 29 + 91. What is the units digit of b?
0
Let z be 2 - (72/(-60))/((-2)/(-20)). Suppose 0 = -2*a + z - 10. Suppose -c = 4*r - 58, -5*r + 128 = a*c - 0*c. What is the units digit of c?
4
Let x(g) = 71*g**3 - g**2 - g - 4. Let c be x(2). Suppose -2*d - d + c = 0. What is the tens digit of d?
8
Let h(z) = 91*z + 19. Let q = 497 - 488. What is the units digit of h(q)?
8
Let b(s) = -292*s + 9209. What is the tens digit of b(0)?
0
Suppose -11 - 4 = -15*b. What is the units digit of (169 - b)/((-7)/(-21)*3)?
8
Let q be 23 + (-7)/(28/10)*2. What is the units digit of (q/5)/((-12)/(-180))?
4
Suppose 23*j - 148092 = -5*j. What is the units digit of j?
9
Suppose 25*f = -241*f + 3749802. What is the tens digit of f?
9
Let c(b) = -18*b + 11. Let k be c(-19). Suppose -i + 5*t = -12 - 73, -t - k = -5*i. What is the tens digit of ((-28)/i)/((-2)/160)?
3
Let n be 10/(-15) + (-46)/3. Let p = n + 26. What is the units digit of p/(-5) + (-14)/(-1)?
2
Let w(k) = k**3 + 43*k**2 - 80*k - 1432. What is the units digit of w(-43)?
8
Let a = -15 + 3. Let k be ((-165)/(-6))/((-6)/a). Suppose k = -9*d + 1063. What is the hundreds digit of d?
1
Let o = 44 - 42. Let z(i) = 7*i + 5*i + i**o + 31 + 7*i. What is the units digit of z(-21)?
3
Let a(y) be the first derivative of 2*y**3/3 - 3*y**2/2 + 55*y - 143. What is the units digit of a(21)?
4
Let a(t) = 4*t**2 - 2*t - 1. Let h be a(-1). Suppose -h*p = -2*q - 2153, -p + 19*q - 15*q = -445. What is the tens digit of p?
2
Suppose -4*u + 447128 = 2*u - 14128. What is the hundreds digit of u?
8
Suppose 2*k + 0*u + 1065 = -3*u, 3 = -3*u. Let b = k - -356. Let h = 297 + b. What is the hundreds digit of h?
1
Suppose 4*b = -5*l + 6238, 5*l - 3063 = -2*b + 51. What is the tens digit of b?
6
Suppose 5*p - 1423 = 5*u - 18, -12 = 4*u. Let k = 91 - p. Let i = k - -336. What is the units digit of i?
9
Suppose 0 = -4*x + 6*x - 110. Suppose x = -6*o - 467. What is the units digit of 1/(-3 - 264/o)?
9
Suppose -5*k - 40 = -5*j, 2*k + 43 = -14*j + 19*j. Suppose -c = 5*x - 2*c - 596, 3*x - 361 = 4*c. Suppose -2*s + x = -j. What is the tens digit of s?
6
Let z(y) = -y**3 - 6*y**2 - 2*y + 1. Suppose -k + 49 = 4*w, 0 = k - 2*k - 2*w + 43. Let d = k - 44. What is the units digit of z(d)?
4
Let p = 291 - 287. Suppose 3*o - 2441 = 4*n, o + p*n = 553 + 234. What is the units digit of o?
7
Let l = 2417 + 10830. What is the ten thousands digit of l?
1
Let g be ((-2)/(-1))/(10/(-250)). Let n = g - -54. Suppose n*p + 0*p = 468. What is the hundreds digit of p?
1
Let g(p) = -24*p - 23. Let o be 16/(-6)*((-3)/2)/(-1). What is the units digit of g(o)?
3
Let s be (7/(-14))/(2/(-20)) + -5. Suppose 3*c - 4*g + 132 - 398 = s, 93 = c + 3*g. What is the tens digit of c?
9
Let m = -6634 + 13621. What is the units digit of m?
7
Let b = -58 - -111. Let i = 38 - b. Let u(k) = -k**3 - 15*k**2 - 9*k + 2. What is the units digit of u(i)?
7
Suppose -76*x + 74*x = 0. Suppose -i - w - w + 6 = x, -3*i - 2*w = -6. Suppose i = -3*n + o + 359, -85 = -2*n + o + 155. What is the tens digit of n?
1
Let f = -201 + 197. Let z(w) = -218*w + 69. What is the units digit of z(f)?
1
Suppose -3*r - 22 = -46. Suppose 7*t - r*t = -193. What is the hundreds digit of t?
1
Suppose 140 = 5*r - 2*m + m, 3*r - 3*m = 96. Suppose 30*a - 31*a = -r. What is the units digit of a?
7
Suppose -31*c + 28*c = -5679. Suppose -16*l = -4*f - 11*l + c, 4*l + 4 = 0. What is the tens digit of f?
7
Let z(i) = 5*i + 123. Let d be z(-6). Suppose -5*j - 159 = -3*r, -3*r = -r + j - d. What is the tens digit of r?
4
Suppose 3*c + 3*r = -27, -r = 4*c + 19 + 14. Let j = 50 + c. What is the units digit of j?
2
Let u be ((120/16)/(-3))/((-1)/(-4)). Let p(n) = -9*n - 56. What is the units digit of p(u)?
4
Let i = 518 + -34. Suppose -10 = -5*x, -6*z + 4*z + 5*x = -i. Let c = z - 166. What is the tens digit of c?
8
Let u be (-984)/(-21) - 5 - 1/(-7). Suppose 20*r - u*r + 16918 = 0. What is the hundreds digit of r?
7
What is the thousands digit of (0 - -600)*208/(42 - 16)?
4
Let m = 7944 - 1281. What is the tens digit of m/39 + 12/78?
7
Suppose 119*p - 856122 = 2908066 + 2759749. What is the tens digit of p?
2
Suppose 5*y + 46934 = 3*t, -2*t = -y - y - 31288. What is the hundreds digit of t?
6
Let b(r) = 3*r + 44. Let u be b(-14). Suppose u*s - 4*t - 256 = 0, 3*s - 3*t - 183 = 195. Suppose -2*m - s = -3*m. What is the tens digit of m?
2
Suppose 0 = -4*a - 3*n - 2*n + 940, -3*a - 4*n + 705 = 0. Let z = -19855 + 19872. Let r = a + z. What is the tens digit of r?
5
Suppose 3*s + s - 3*f - 8 = 0, 9 = 5*s - 4*f. Suppose -2*o - p + 792 = 0, -13*o + 387 = -12*o + s*p. What is the hundreds digit of o?
3
Let v(u) = 59*u**2 + 40*u + 954. What is the thousands digit of v(-13)?
0
Suppose 3*i - 4*i = -2*n - 9, 4*i - 6 = -2*n. Suppose -2*w + 1935 = g, -i*g - 724 - 261 = -w. What is the hundreds digit of w?
9
Let m(r) = r**3 + 4*r**2 - 12*r + 3. Let a be m(-6). Suppose -5*u = 4*y - 1624, 5*y + a*u - 1493 = 537. What is the tens digit of y?
0
Suppose -33*h = 8*h + 22*h - 2308761. What is the thousands digit of h?
6
Let j(u) = 37*u**2 - 130*u - 261. What is the units digit of j(19)?
6
Let z(j) = 12*j**3 - 10*j**2 + 186*j - 1409. What is the units digit of z(7)?
9
Let u = 20 - 18. Suppose -3*x = -4*a + 27 + 1, -7 = -a - u*x. Suppose 4*q = 2*b - 89 - a, 285 = 5*b - q. What is the tens digit of b?
5
Let s(p) = -30*p**3 + 26*p**2 + 31*p - 18. What is the tens digit of s(-11)?
1
Suppose -3*k + 2*k + 3984 = 7*k. What is the tens dig